0010001
In base 4, what is -10 - -3331300231021?
3331300231011
In base 2, what is -101010000001 + -101001011000?
-1010011011001
In base 6, what is -140 - -111531322?
111531142
In base 10, what is -5 + -3991683?
-3991688
In base 10, what is -5 - -10871834?
10871829
In base 4, what is -1200200123320 + 0?
-1200200123320
In base 8, what is -103212504 - 22?
-103212526
In base 9, what is -4355468 - 24?
-4355503
In base 9, what is 38 + 12515?
12554
In base 12, what is b73 - -8936b?
8a322
In base 2, what is -10101110000 - -1110?
-10101100010
In base 5, what is -140 - -1021022101?
1021021411
In base 5, what is -3 - 2331011324?
-2331011332
In base 14, what is 46 + 8d6cd?
8d735
In base 9, what is -2 - -6546587?
6546585
In base 10, what is 37 + -837026?
-836989
In base 5, what is -2 + -22131020410?
-22131020412
In base 14, what is -43924 - ddb?
-44921
In base 7, what is 32 - 1236610?
-1236545
In base 10, what is -3 + 783183?
783180
In base 14, what is 1766a78 - -5?
1766a7d
In base 5, what is 2243014 + -204440?
2033024
In base 11, what is 443a451 + 1a8?
443a649
In base 2, what is 10 + -111011111111000011111?
-111011111111000011101
In base 15, what is d4 + -76e3?
-760e
In base 5, what is -31004303 + 44?
-31004204
In base 11, what is -2 + 883688?
883686
In base 16, what is -1093 - -80e1?
704e
In base 2, what is -100 + -10101110110010000000111111?
-10101110110010000001000011
In base 6, what is -210312203 + 143?
-210312020
In base 16, what is -5c85 - -466?
-581f
In base 2, what is -1000101111000110 - -101010011011111?
-11011011100111
In base 16, what is -d3 - 6413c?
-6420f
In base 4, what is -1 - 232220223212?
-232220223213
In base 5, what is 13443311 + -12231?
13431030
In base 3, what is -102001211100022 + 11?
-102001211100011
In base 3, what is -21002221002021 - -1200?
-21002221000121
In base 12, what is 9b23347a - 4?
9b233476
In base 15, what is 14ece - -605?
155d4
In base 16, what is -1759 + 232?
-1527
In base 6, what is -1232521351 - -5?
-1232521342
In base 7, what is -114 - -420506312?
420506165
In base 16, what is -14ca - -19e9?
51f
In base 11, what is -51467 - 853?
-5220a
In base 9, what is 74 + -262154?
-262070
In base 15, what is -4a + 3e2e3?
3e298
In base 13, what is -5 - -8a5a50?
8a5a48
In base 13, what is 22a - -6aa9?
7006
In base 16, what is -3ee22d7 - -1?
-3ee22d6
In base 16, what is a68 + 1189?
1bf1
In base 8, what is -10055 + 107357?
77302
In base 5, what is -40144403 - 201?
-40200104
In base 14, what is 5 + -176c537?
-176c532
In base 7, what is -464122 - 150?
-464302
In base 7, what is 34410305 + 2?
34410310
In base 15, what is -343 + -2eea8?
-302eb
In base 5, what is 4310110 + -21441?
4233114
In base 3, what is -1 - 1000002200200011?
-1000002200200012
In base 4, what is -11030 + 1300021313?
1300010223
In base 16, what is -1f80e4d - -7?
-1f80e46
In base 6, what is -1053 + 1020331?
1015234
In base 8, what is 3044766 + 74?
3045062
In base 7, what is 130 + -65612361?
-65612231
In base 8, what is 715420 - -1601?
717221
In base 9, what is 71653 + -1703?
68850
In base 7, what is -20510300145 + 5?
-20510300140
In base 6, what is -10420113 + 1233?
-10414440
In base 11, what is 70 - -2581a?
2588a
In base 6, what is 105203 - -1300?
110503
In base 5, what is -231 - 3241134?
-3241420
In base 7, what is -3 + 126331645?
126331642
In base 2, what is -1000010001000110110100 - -10?
-1000010001000110110010
In base 9, what is 7652686 - 47?
7652638
In base 10, what is -385170 + 24?
-385146
In base 16, what is 918 + 9f07?
a81f
In base 16, what is 1a076b - -3b?
1a07a6
In base 10, what is 3 + -11469806?
-11469803
In base 11, what is 131 + -373012?
-372991
In base 11, what is -30 + -1a15523?
-1a15553
In base 8, what is 12 + -431162402?
-431162370
In base 15, what is 741586 + 4a?
7415d1
In base 16, what is -12b8 + 1cf34?
1bc7c
In base 8, what is 66 - 4024111?
-4024023
In base 10, what is 412129 - -14?
412143
In base 4, what is -330022303003 - -10?
-330022302333
In base 2, what is -11001101101100100 + 111010011111?
-11000110011000101
In base 11, what is 4 - -23711935?
23711939
In base 10, what is 5636 - 365?
5271
In base 16, what is d192 - 30?
d162
In base 7, what is -4622355141 - -6?
-4622355132
In base 9, what is 354550 + -41?
354508
In base 8, what is 2736272433 + 2?
2736272435
In base 8, what is 356462 - 75?
356365
In base 9, what is -260 + 2472711?
2472441
In base 4, what is 10 + 32021130301?
32021130311
In base 12, what is -170245 + 26?
-17021b
In base 15, what is 13e98634 + -1?
13e98633
In base 7, what is -3066 + -1122405?
-1125504
In base 12, what is a747b57 + 1?
a747b58
In base 9, what is -322212 + -206?
-322418
In base 8, what is -7234 - 707547?
-717003
In base 4, what is -330003332 + -310?
-330010302
In base 3, what is 1011212201221 - 100?
1011212201121
In base 16, what is -3338c2 - 145?
-333a07
In base 5, what is 20032310 + -1213?
20031042
In base 6, what is -2 - -33100155?
33100153
In base 5, what is -3 - 342221241?
-342221244
In base 12, what is 22a798823 + 3?
22a798826
In base 16, what is -cb787 - 4c?
-cb7d3
In base 16, what is -4 - 31500?
-31504
In base 10, what is -65355 - 7114?
-72469
In base 8, what is -6 - 15173114?
-15173122
In base 3, what is 1111122210200101 - 11?
1111122210200020
In base 8, what is 3073563 + -227?
3073334
In base 7, what is 22035204 - -16?
22035223
In base 11, what is -35183006 - -6?
-35183000
In base 13, what is 2abb52c5 - 5?
2abb52c0
In base 15, what is 1c1 + -1b2b?
-195a
In base 10, what is 249920434 - -1?
249920435
In base 6, what is -201354 + 50043?
-111311
In base 13, what is 561 - 199?
395
In base 8, what is 116 + 6007625?
6007743
In base 10, what is 23 - -323420?
323443
In base 12, what is -18838 - -12?
-18826
In base 10, what is -1329 - -758?
-571
In base 5, what is 20014330 - 2221?
20012104
In base 15, what is -6b + 11778b?
117720
In base 10, what is -15664 - 3595?
-19259
In base 3, what is 121212011 + -122201012?
-212001
In base 5, what is -1 - 30434130100?
-30434130101
In base 12, what is -15238b4 + -2?
-15238b6
In base 7, what is -1336 + -2153465?
-2155134
In base 16, what is -1a9057 + -21e?
-1a9275
In base 9, what is -7243081 - -1?
-7243080
In base 3, what is 1220 - 200020121120?
-200020112200
In base 7, what is 25524 + -2105?
23416
In base 11, what is 2346 + -816?
1630
In base 3, what is 2222111022 - -121120201?
10121002000
In base 10, what is -69331 + 34?
-69297
In base 9, what is -2 - -1324513?
1324511
In base 12, what is -10933b281 - 0?
-10933b281
In base 10, what is -1 - -19441?
19440
In base 10, what is 243 + -30561?
-30318
In base 12, what is -66 - -52586?
52520
In base 4, what is -31100 - -21231212?
21200112
In base 2, what is 1010001011100011011 - 10111010?
1010001011001100001
In base 10, what is -3141 + 57?
-3084
In base 13, what is 4 + 267b8362?
267b8366
In base 11, what is -364013 - -42?
-363a81
In base 13, what is -b - -410c39?
410c2b
In base 8, what is -4073 + -22567?
-26662
In base 13, what is 4 + 2a7343a?
2a73441
In base 10, what is -1064 - 2399?
-3463
In base 8, what is -53350300 - 11?
-53350311
In base 9, what is -10568836 + 17?
-10568818
In base 5, what is 3 + 13040031214?
13040031222
In base 16, what is 7628 - 1363?
62c5
In base 5, what is 101113141 - 3422?
101104214
In base 16, what is -352c + -336?
-3862
In base 12, what is 4a04 + 50ba?
9b02
In base 11, what is -1592152 + 32?
-1592120
In base 7, what is 1 + -1154226620?
-1154226616
In base 2, what is -10 - -10101010101100011110?
10101010101100011100
In base 10, what is -40540172 + 2?
-40540170
In base 12, what is b9 - 21540?
-21443
In base 15, what is -4ae3 - 3b8?
-4eab
In base 2, what is 11 - -1110110101010011101100?
1110110101010011101111
In base 8, what is -2 + 376227365?
376227363
In base 9, what is -243107 + -137?
-243245
In base 10, what is -3004 + 10100?
7096
In base 5, what is 12312104414 - 102?
12312104312
In base 7, what is 4 - -23245420?
23245424
In base 7, what is -41551364 - 31?
-41551425
In base 16, what is -3 + -100b727?
-100b72a
In base 6, what is -1253135 + -343?
-1253522
In base 10, what is -3 - -1598501?
1598498
In base 11, what is 62 - 976602?
-976550
In base 2, what is 100111111101110110101010 + 1?
100111111101110110101011
In base 2, what is -11001110100011100101011001 + 10?
-11001110100011100101010111
In base 11, wh